{"id":9,"date":"2022-12-21T22:25:56","date_gmt":"2021-03-09T09:03:37","guid":{"rendered":"https:\/\/polielos.com.br\/23\/index.php\/about-us\/"},"modified":"2023-01-08T12:46:19","modified_gmt":"2023-01-08T12:46:19","slug":"polielos","status":"publish","type":"page","link":"https:\/\/polielos.com.br\/23\/polielos\/","title":{"rendered":"Conhe\u00e7a a Polielos"},"content":{"rendered":"\n<p>Nosso principal objetivo \u00e9 a satisfa\u00e7\u00e3o do cliente.<\/p>\n\n\n\n<figure class=\"wp-block-image size-large\"><img loading=\"lazy\" decoding=\"async\" width=\"1024\" height=\"682\" src=\"https:\/\/polielos.com.br\/23\/wp-content\/uploads\/2023\/01\/fabrica-1024x682.jpg\" alt=\"\" class=\"wp-image-2543\" srcset=\"https:\/\/polielos.com.br\/23\/wp-content\/uploads\/2023\/01\/fabrica-1024x682.jpg 1024w, https:\/\/polielos.com.br\/23\/wp-content\/uploads\/2023\/01\/fabrica-300x200.jpg 300w, https:\/\/polielos.com.br\/23\/wp-content\/uploads\/2023\/01\/fabrica-768x512.jpg 768w, https:\/\/polielos.com.br\/23\/wp-content\/uploads\/2023\/01\/fabrica.jpg 1277w\" sizes=\"auto, (max-width: 1024px) 100vw, 1024px\" \/><\/figure>\n\n\n\n<blockquote class=\"wp-block-quote is-style-large is-layout-flow wp-block-quote-is-layout-flow\" id=\"output\">\n<p>A Polielos \u00e9 uma empresa especializada na constru\u00e7\u00e3o e recupera\u00e7\u00e3o de cilindros , roscas e perif\u00e9ricos , de injetoras e extrusoras de ( perfil ,sopro e filme).<\/p>\n<\/blockquote>\n\n\n\n<h2 class=\"has-text-align-center wp-block-heading\">Mais de 25 anos de mercado.<\/h2>\n\n\n\n<p>Com sede pr\u00f3pria , estamos localizados em S\u00e3o Caetano do Sul (travessa da avenida do Estado) local de f\u00e1cil acesso a todo ABCD e Grande S\u00e3o Paulo.<\/p>\n\n\n\n<p>Contamos com profissionais treinados para um bom atendimento, com efici\u00eancia e tecnologia de ponta na constru\u00e7\u00e3o e manuten\u00e7\u00e3o da ind\u00fastria de transforma\u00e7\u00e3o de pl\u00e1sticos com baixo custo.<\/p>\n\n\n\n<p>A Polielos oferece de cortesia a visita de um t\u00e9cnico em pl\u00e1sticos formado pelo Senai com vasta experi\u00eancia para avaliar de imediato atrav\u00e9s de aparelhos espec\u00edficos o mapeamento do desgaste do equipamento com o laudo.<\/p>\n","protected":false},"excerpt":{"rendered":"<p>Nosso principal objetivo \u00e9 a satisfa\u00e7\u00e3o do cliente. A Polielos \u00e9 uma empresa especializada na [&hellip;]<\/p>\n","protected":false},"author":1,"featured_media":0,"parent":0,"menu_order":0,"comment_status":"closed","ping_status":"closed","template":"","meta":{"_mi_skip_tracking":false,"footnotes":""},"class_list":["post-9","page","type-page","status-publish","hentry"],"aioseo_notices":[],"_links":{"self":[{"href":"https:\/\/polielos.com.br\/23\/wp-json\/wp\/v2\/pages\/9","targetHints":{"allow":["GET"]}}],"collection":[{"href":"https:\/\/polielos.com.br\/23\/wp-json\/wp\/v2\/pages"}],"about":[{"href":"https:\/\/polielos.com.br\/23\/wp-json\/wp\/v2\/types\/page"}],"author":[{"embeddable":true,"href":"https:\/\/polielos.com.br\/23\/wp-json\/wp\/v2\/users\/1"}],"replies":[{"embeddable":true,"href":"https:\/\/polielos.com.br\/23\/wp-json\/wp\/v2\/comments?post=9"}],"version-history":[{"count":1,"href":"https:\/\/polielos.com.br\/23\/wp-json\/wp\/v2\/pages\/9\/revisions"}],"predecessor-version":[{"id":2544,"href":"https:\/\/polielos.com.br\/23\/wp-json\/wp\/v2\/pages\/9\/revisions\/2544"}],"wp:attachment":[{"href":"https:\/\/polielos.com.br\/23\/wp-json\/wp\/v2\/media?parent=9"}],"curies":[{"name":"wp","href":"https:\/\/api.w.org\/{rel}","templated":true}]}}