{"id":2644,"date":"2023-03-05T16:28:16","date_gmt":"2023-03-05T16:28:16","guid":{"rendered":"https:\/\/polielos.com.br\/23\/?page_id=2644"},"modified":"2023-03-05T16:29:21","modified_gmt":"2023-03-05T16:29:21","slug":"recuperacao-de-cilindros-e-roscas-para-extrusora","status":"publish","type":"page","link":"https:\/\/polielos.com.br\/23\/recuperacao-de-cilindros-e-roscas-para-extrusora\/","title":{"rendered":"Recupera\u00e7\u00e3o de Cilindros e Roscas para Extrusora"},"content":{"rendered":"\n<p>A recupera\u00e7\u00e3o de Cilindros e Roscas para Extrusoras, \u00e9 uma alternativa para a substitui\u00e7\u00e3o de pe\u00e7as muito atraente, pois apresenta valores muito inferiores a constru\u00e7\u00e3o de novos cilindros ou roscas.<\/p>\n\n\n\n<p>Nossa empresa \u00e9 <em>especializada na constru\u00e7\u00e3o e recupera\u00e7\u00e3o de cilindros , roscas e perif\u00e9ricos , de injetoras e extrusoras de ( perfil ,sopro e filme).<\/em><\/p>\n\n\n\n<p>Seguimos crit\u00e9rios t\u00e9cnicos muito rigoroso na <strong>Recupera\u00e7\u00e3o de Cilindros e Rosca. <\/strong>Definimos atrav\u00e9s da geometria as mat\u00e9rias primas corretas para execu\u00e7\u00e3o de cada servi\u00e7o.<\/p>\n\n\n\n<p>A <strong>Recupera\u00e7\u00e3o de Roscas e Cilindros <\/strong>permite recuperar tanto produtos mono rosca quanto dupla rosca. Tamb\u00e9m fazemos a <strong>recupera\u00e7\u00e3o de cilindros ou roscas <\/strong>de outros fabricantes, seja nacional ou importada, al\u00e9m de oferecer a <strong>Reforma de pe\u00e7as de Injetoras e Sopradoras.<\/strong><\/p>\n\n\n\n<h3 class=\"wp-block-heading\">Solicite um or\u00e7amento agora mesmo para a Recupera\u00e7\u00e3o de Cilindro e Rosca<\/h3>\n\n\n\n<p>Ligue (11) 4229-7277 ou envie um e-mail para: polielos@polielos.com.br<\/p>\n","protected":false},"excerpt":{"rendered":"<p>A recupera\u00e7\u00e3o de Cilindros e Roscas para Extrusoras, \u00e9 uma alternativa para a substitui\u00e7\u00e3o de [&hellip;]<\/p>\n","protected":false},"author":1,"featured_media":0,"parent":0,"menu_order":0,"comment_status":"closed","ping_status":"closed","template":"","meta":{"_mi_skip_tracking":false,"footnotes":""},"class_list":["post-2644","page","type-page","status-publish","hentry"],"aioseo_notices":[],"_links":{"self":[{"href":"https:\/\/polielos.com.br\/23\/wp-json\/wp\/v2\/pages\/2644","targetHints":{"allow":["GET"]}}],"collection":[{"href":"https:\/\/polielos.com.br\/23\/wp-json\/wp\/v2\/pages"}],"about":[{"href":"https:\/\/polielos.com.br\/23\/wp-json\/wp\/v2\/types\/page"}],"author":[{"embeddable":true,"href":"https:\/\/polielos.com.br\/23\/wp-json\/wp\/v2\/users\/1"}],"replies":[{"embeddable":true,"href":"https:\/\/polielos.com.br\/23\/wp-json\/wp\/v2\/comments?post=2644"}],"version-history":[{"count":2,"href":"https:\/\/polielos.com.br\/23\/wp-json\/wp\/v2\/pages\/2644\/revisions"}],"predecessor-version":[{"id":2647,"href":"https:\/\/polielos.com.br\/23\/wp-json\/wp\/v2\/pages\/2644\/revisions\/2647"}],"wp:attachment":[{"href":"https:\/\/polielos.com.br\/23\/wp-json\/wp\/v2\/media?parent=2644"}],"curies":[{"name":"wp","href":"https:\/\/api.w.org\/{rel}","templated":true}]}}